actor of 24389428 and 24998?
862
Calculate the highest common factor of 577197 and 18585.
531
Calculate the greatest common factor of 10386 and 9769764.
3462
What is the highest common divisor of 220774 and 2672?
334
Calculate the highest common divisor of 601027 and 1824.
19
Calculate the highest common factor of 1977398 and 34787.
43
What is the highest common factor of 78202694 and 7148?
3574
Calculate the greatest common divisor of 1539 and 8015355.
81
What is the greatest common divisor of 6637900 and 197518?
3238
What is the greatest common divisor of 104 and 231052796?
52
What is the highest common divisor of 516 and 12934959?
129
Calculate the highest common divisor of 3871 and 11453.
1
Calculate the greatest common divisor of 497980 and 5180.
140
Calculate the highest common factor of 2681 and 168980749.
2681
What is the highest common divisor of 9487870 and 250852?
4046
Calculate the greatest common divisor of 132482 and 11186.
14
What is the highest common divisor of 970 and 40591105?
485
What is the greatest common divisor of 42945 and 181345283?
2863
What is the greatest common factor of 665835834 and 1138?
1138
Calculate the highest common factor of 2053 and 2684371408.
2053
What is the greatest common divisor of 69456 and 268080?
48
What is the highest common divisor of 68933700 and 2532?
2532
Calculate the greatest common divisor of 2552 and 14699795.
11
What is the greatest common divisor of 5056 and 8735662?
158
What is the greatest common factor of 110 and 446140?
10
What is the highest common factor of 55198 and 598?
26
What is the greatest common divisor of 44992 and 31012512?
1184
Calculate the greatest common divisor of 17577 and 12865062.
651
Calculate the highest common divisor of 5212732 and 2800.
28
What is the highest common divisor of 177219 and 252?
63
Calculate the highest common divisor of 251559 and 284834.
1331
Calculate the greatest common divisor of 175450 and 9875415.
605
Calculate the highest common factor of 51 and 129993781.
17
What is the greatest common divisor of 2715 and 21251391?
543
What is the highest common factor of 20575 and 40525?
25
What is the highest common divisor of 613588 and 109050?
1454
Calculate the highest common factor of 534 and 84389978.
178
Calculate the greatest common divisor of 8161158 and 6.
6
Calculate the greatest common factor of 85456323 and 45.
9
Calculate the highest common factor of 100463449 and 332.
83
What is the highest common factor of 17983546 and 2408?
602
What is the greatest common factor of 111129 and 35175597?
6537
Calculate the greatest common divisor of 3834 and 220353399.
1917
What is the highest common divisor of 117488361 and 12?
3
What is the highest common factor of 824 and 15317233?
103
What is the highest common divisor of 136770 and 640?
10
Calculate the greatest common divisor of 12483 and 6325803.
171
Calculate the highest common factor of 27739035 and 23.
23
Calculate the highest common factor of 4351104 and 46.
2
What is the highest common divisor of 118 and 3328898?
118
Calculate the highest common factor of 3525 and 2974200.
75
What is the greatest common divisor of 4554 and 13910446?
506
Calculate the highest common factor of 25 and 14844590.
5
What is the highest common factor of 92205369 and 39266?
677
What is the highest common divisor of 35656395 and 22440?
255
Calculate the highest common divisor of 74970 and 34615315.
4165
Calculate the highest common divisor of 11992404 and 122864.
4388
What is the highest common factor of 44440 and 15436840?
4040
What is the highest common divisor of 12125449 and 3115?
623
What is the greatest common factor of 134190482 and 406?
58
Calculate the highest common factor of 66658820 and 383003.
8149
Calculate the greatest common divisor of 622572490 and 430.
430
What is the greatest common divisor of 138110 and 3385?
5
Calculate the greatest common divisor of 379029161 and 2471.
2471
Calculate the greatest common factor of 26520650 and 390.
130
Calculate the greatest common factor of 4551369778 and 629.
629
What is the greatest common divisor of 13840319 and 847619?
6187
Calculate the greatest common divisor of 336420 and 23220.
540
Calculate the highest common factor of 29847168 and 396864.
7488
Calculate the greatest common divisor of 498 and 28918196.
166
What is the greatest common factor of 1918602376 and 21048?
7016
Calculate the greatest common factor of 2885934 and 126.
6
Calculate the greatest common factor of 52280 and 201080.
40
What is the greatest common factor of 22847762 and 1037?
17
What is the greatest common factor of 2700867 and 2093?
299
What is the highest common divisor of 1029 and 122829?
21
Calculate the greatest common divisor of 1257865 and 866.
433
Calculate the greatest common factor of 28505260 and 28.
28
Calculate the greatest common factor of 4 and 15953108.
4
Calculate the highest common divisor of 1080167 and 110363.
869
Calculate the greatest common divisor of 3776703 and 102.
51
Calculate the highest common divisor of 624 and 30257448.
312
What is the highest common divisor of 2331 and 1202481?
63
What is the highest common divisor of 4 and 88242248?
4
Calculate the greatest common factor of 5175 and 10750275.
225
What is the highest common divisor of 100 and 18199700?
100
What is the highest common divisor of 577083 and 27?
3
Calculate the greatest common factor of 3610 and 2044742.
38
What is the greatest common divisor of 1494 and 4479426?
18
Calculate the greatest common factor of 7300 and 26632225.
1825
Calculate the greatest common factor of 9090 and 61004.
202
What is the highest common factor of 47 and 90911959?
47
What is the greatest common divisor of 195481 and 16841?
11
Calculate the highest common factor of 53819473 and 1.
1
Calculate the highest common factor of 460438344 and 12.
12
Calculate the greatest common divisor of 241855821 and 4407.
339
Calculate the highest common factor of 112792904 and 40.
8
What is the greatest common divisor of 8154738 and 432?
18
What is the greatest common divisor of 924 and 44036846?
14
Calculate the greatest common divisor of 4 and 345172.
4
What is the highest common divisor of 6243044 and 40606?
514
What is the greatest common factor of 2590 and 5795125?
1295
Calculate the highest common factor of 186557052 and 3444.
492
Calculate the highest common factor of 120834 and 3592414.
1918
What is the highest common divisor of 13 and 4069273?
13
What is the highest common divisor of 1104921 and 6561?
243
Calculate the highest common factor of 7968248 and 386932.
4252
What is the highest common factor of 5980 and 12333980?
460
What is the highest common divisor of 1871862 and 2007?
669
Calculate the highest common divisor of 28375893 and 12285.
2457
Calculate the highest common factor of 6750 and 6198875.
125
What is the greatest common factor of 22385867 and 59031?
6559
What is the highest common factor of 853127 and 836?
11
What is the highest common factor of 232 and 16985445?
29
What is the greatest common divisor of 3674 and 122606?
22
Calculate the highest common factor of 1314 and 539324.
146
Calculate the greatest common divisor of 48334 and 11506.
22
Calculate the greatest common factor of 1175 and 256236950.
1175
What is the highest common factor of 113418048 and 128?
64
What is the highest common factor of 9940 and 144956?
28
Calculate the greatest common factor of 3952512 and 27156.
876
What is the greatest common factor of 85 and 2576095?
85
Calculate the greatest common factor of 34270 and 369587.
23
What is the highest common divisor of 286014 and 2380185?
1959
What is the highest common divisor of 151866649 and 174?
29
What is the highest common factor of 157756518 and 54?
54
What is the highest common factor of 489 and 35252499?
489
Calculate the highest common factor of 1299 and 363390.
3
Calculate the greatest common factor of 3 and 7202913.
3
Calculate the highest common factor of 50254 and 2906.
2
What is the greatest common factor of 200721 and 750306?
69
Calculate the highest common factor of 204926988 and 1116.
372
Calculate the highest common divisor of 49994756 and 476.
476
Calculate the highest common factor of 10216 and 42812702.
2554
Calculate the greatest common divisor of 177410 and 5710090